{"id":5149,"date":"2024-05-19T01:34:46","date_gmt":"2024-05-19T00:34:46","guid":{"rendered":"https:\/\/wedigitek.com\/novosite\/?page_id=5149"},"modified":"2024-07-13T21:43:21","modified_gmt":"2024-07-13T20:43:21","slug":"punto-de-venta","status":"publish","type":"page","link":"https:\/\/wedigitek.com\/es\/segmento-corporativo\/punto-de-venta\/","title":{"rendered":"Punto de Venta: Corporativo"},"content":{"rendered":"\r\n<h1 class=\"wp-block-heading\">Punto de Venta <strong>(PDV)<\/strong><\/h1>\r\n\r\n\r\n\r\n<h2 class=\"wp-block-heading\">para el Sector Corporativo<\/h2>\r\n\r\n\r\n\r\n<p>Nuestro PDV es la plataforma completa para una gesti\u00f3n financiera efectiva de la operaci\u00f3n, ofreciendo diferentes formas de transacci\u00f3n con una interfaz simple y visual, proporcionando agilidad por parte del equipo.<\/p>\r\n\r\n\r\n\r\n<p>Sin la necesidad de comprar equipos espec\u00edficos para la configuraci\u00f3n y con la practicidad para que las compras se realicen sin importar el equipo, nuestro PDV es la soluci\u00f3n ideal para cualquier unidad que busque incorporar un m\u00f3dulo transaccional.<\/p>\r\n","protected":false},"excerpt":{"rendered":"<p>Punto de Venta (PDV) para el Sector Corporativo Nuestro PDV es la plataforma completa para una gesti\u00f3n financiera efectiva de la operaci\u00f3n, ofreciendo diferentes formas de transacci\u00f3n con una interfaz simple y visual, proporcionando agilidad por parte del equipo. Sin la necesidad de comprar equipos espec\u00edficos para la configuraci\u00f3n y con la practicidad para que&#8230;  <a class=\"excerpt-read-more\" href=\"https:\/\/wedigitek.com\/es\/segmento-corporativo\/punto-de-venta\/\" title=\"Read Punto de Venta: Corporativo\">continuar lendo &raquo;<\/a><\/p>\n","protected":false},"author":1,"featured_media":0,"parent":5103,"menu_order":3,"comment_status":"closed","ping_status":"closed","template":"page-segment-solution.php","meta":{"_acf_changed":false,"_monsterinsights_skip_tracking":false,"_monsterinsights_sitenote_active":false,"_monsterinsights_sitenote_note":"","_monsterinsights_sitenote_category":0,"footnotes":""},"class_list":["post-5149","page","type-page","status-publish","hentry"],"acf":[],"yoast_head":"<!-- This site is optimized with the Yoast SEO plugin v26.6 - https:\/\/yoast.com\/wordpress\/plugins\/seo\/ -->\n<title>Punto de Venta: Corporativo - We:Digitek<\/title>\n<meta name=\"robots\" content=\"index, follow, max-snippet:-1, max-image-preview:large, max-video-preview:-1\" \/>\n<link rel=\"canonical\" href=\"https:\/\/wedigitek.com\/es\/segmento-corporativo\/punto-de-venta\/\" \/>\n<meta property=\"og:locale\" content=\"es_ES\" \/>\n<meta property=\"og:type\" content=\"article\" \/>\n<meta property=\"og:title\" content=\"Punto de Venta: Corporativo - We:Digitek\" \/>\n<meta property=\"og:description\" content=\"Punto de Venta (PDV) para el Sector Corporativo Nuestro PDV es la plataforma completa para una gesti\u00f3n financiera efectiva de la operaci\u00f3n, ofreciendo diferentes formas de transacci\u00f3n con una interfaz simple y visual, proporcionando agilidad por parte del equipo. Sin la necesidad de comprar equipos espec\u00edficos para la configuraci\u00f3n y con la practicidad para que... continuar lendo &raquo;\" \/>\n<meta property=\"og:url\" content=\"https:\/\/wedigitek.com\/es\/segmento-corporativo\/punto-de-venta\/\" \/>\n<meta property=\"og:site_name\" content=\"We:Digitek\" \/>\n<meta property=\"article:publisher\" content=\"https:\/\/www.facebook.com\/wedigitek\" \/>\n<meta property=\"article:modified_time\" content=\"2024-07-13T20:43:21+00:00\" \/>\n<meta name=\"twitter:card\" content=\"summary_large_image\" \/>\n<script type=\"application\/ld+json\" class=\"yoast-schema-graph\">{\"@context\":\"https:\/\/schema.org\",\"@graph\":[{\"@type\":\"WebPage\",\"@id\":\"https:\/\/wedigitek.com\/es\/segmento-corporativo\/punto-de-venta\/\",\"url\":\"https:\/\/wedigitek.com\/es\/segmento-corporativo\/punto-de-venta\/\",\"name\":\"Punto de Venta: Corporativo - We:Digitek\",\"isPartOf\":{\"@id\":\"https:\/\/wedigitek.com\/es\/#website\"},\"datePublished\":\"2024-05-19T00:34:46+00:00\",\"dateModified\":\"2024-07-13T20:43:21+00:00\",\"breadcrumb\":{\"@id\":\"https:\/\/wedigitek.com\/es\/segmento-corporativo\/punto-de-venta\/#breadcrumb\"},\"inLanguage\":\"es\",\"potentialAction\":[{\"@type\":\"ReadAction\",\"target\":[\"https:\/\/wedigitek.com\/es\/segmento-corporativo\/punto-de-venta\/\"]}]},{\"@type\":\"BreadcrumbList\",\"@id\":\"https:\/\/wedigitek.com\/es\/segmento-corporativo\/punto-de-venta\/#breadcrumb\",\"itemListElement\":[{\"@type\":\"ListItem\",\"position\":1,\"name\":\"In\u00edcio\",\"item\":\"https:\/\/wedigitek.com\/es\/\"},{\"@type\":\"ListItem\",\"position\":2,\"name\":\"Segmento Corporativo\",\"item\":\"https:\/\/wedigitek.com\/es\/segmento-corporativo\/\"},{\"@type\":\"ListItem\",\"position\":3,\"name\":\"Punto de Venta: Corporativo\"}]},{\"@type\":\"WebSite\",\"@id\":\"https:\/\/wedigitek.com\/es\/#website\",\"url\":\"https:\/\/wedigitek.com\/es\/\",\"name\":\"We:Digitek\",\"description\":\"Home\",\"publisher\":{\"@id\":\"https:\/\/wedigitek.com\/es\/#organization\"},\"potentialAction\":[{\"@type\":\"SearchAction\",\"target\":{\"@type\":\"EntryPoint\",\"urlTemplate\":\"https:\/\/wedigitek.com\/es\/?s={search_term_string}\"},\"query-input\":{\"@type\":\"PropertyValueSpecification\",\"valueRequired\":true,\"valueName\":\"search_term_string\"}}],\"inLanguage\":\"es\"},{\"@type\":\"Organization\",\"@id\":\"https:\/\/wedigitek.com\/es\/#organization\",\"name\":\"We:Digitek\",\"url\":\"https:\/\/wedigitek.com\/es\/\",\"logo\":{\"@type\":\"ImageObject\",\"inLanguage\":\"es\",\"@id\":\"https:\/\/wedigitek.com\/es\/#\/schema\/logo\/image\/\",\"url\":\"https:\/\/wedigitek.com\/wp-content\/uploads\/2024\/05\/logo-wedigitek-1297x245-2.png\",\"contentUrl\":\"https:\/\/wedigitek.com\/wp-content\/uploads\/2024\/05\/logo-wedigitek-1297x245-2.png\",\"width\":1297,\"height\":245,\"caption\":\"We:Digitek\"},\"image\":{\"@id\":\"https:\/\/wedigitek.com\/es\/#\/schema\/logo\/image\/\"},\"sameAs\":[\"https:\/\/www.facebook.com\/wedigitek\",\"https:\/\/www.instagram.com\/wedigitek\",\"https:\/\/linkedin.com\/company\/wedigitek\/\"]}]}<\/script>\n<!-- \/ Yoast SEO plugin. -->","yoast_head_json":{"title":"Punto de Venta: Corporativo - We:Digitek","robots":{"index":"index","follow":"follow","max-snippet":"max-snippet:-1","max-image-preview":"max-image-preview:large","max-video-preview":"max-video-preview:-1"},"canonical":"https:\/\/wedigitek.com\/es\/segmento-corporativo\/punto-de-venta\/","og_locale":"es_ES","og_type":"article","og_title":"Punto de Venta: Corporativo - We:Digitek","og_description":"Punto de Venta (PDV) para el Sector Corporativo Nuestro PDV es la plataforma completa para una gesti\u00f3n financiera efectiva de la operaci\u00f3n, ofreciendo diferentes formas de transacci\u00f3n con una interfaz simple y visual, proporcionando agilidad por parte del equipo. Sin la necesidad de comprar equipos espec\u00edficos para la configuraci\u00f3n y con la practicidad para que... continuar lendo &raquo;","og_url":"https:\/\/wedigitek.com\/es\/segmento-corporativo\/punto-de-venta\/","og_site_name":"We:Digitek","article_publisher":"https:\/\/www.facebook.com\/wedigitek","article_modified_time":"2024-07-13T20:43:21+00:00","twitter_card":"summary_large_image","schema":{"@context":"https:\/\/schema.org","@graph":[{"@type":"WebPage","@id":"https:\/\/wedigitek.com\/es\/segmento-corporativo\/punto-de-venta\/","url":"https:\/\/wedigitek.com\/es\/segmento-corporativo\/punto-de-venta\/","name":"Punto de Venta: Corporativo - We:Digitek","isPartOf":{"@id":"https:\/\/wedigitek.com\/es\/#website"},"datePublished":"2024-05-19T00:34:46+00:00","dateModified":"2024-07-13T20:43:21+00:00","breadcrumb":{"@id":"https:\/\/wedigitek.com\/es\/segmento-corporativo\/punto-de-venta\/#breadcrumb"},"inLanguage":"es","potentialAction":[{"@type":"ReadAction","target":["https:\/\/wedigitek.com\/es\/segmento-corporativo\/punto-de-venta\/"]}]},{"@type":"BreadcrumbList","@id":"https:\/\/wedigitek.com\/es\/segmento-corporativo\/punto-de-venta\/#breadcrumb","itemListElement":[{"@type":"ListItem","position":1,"name":"In\u00edcio","item":"https:\/\/wedigitek.com\/es\/"},{"@type":"ListItem","position":2,"name":"Segmento Corporativo","item":"https:\/\/wedigitek.com\/es\/segmento-corporativo\/"},{"@type":"ListItem","position":3,"name":"Punto de Venta: Corporativo"}]},{"@type":"WebSite","@id":"https:\/\/wedigitek.com\/es\/#website","url":"https:\/\/wedigitek.com\/es\/","name":"We:Digitek","description":"Home","publisher":{"@id":"https:\/\/wedigitek.com\/es\/#organization"},"potentialAction":[{"@type":"SearchAction","target":{"@type":"EntryPoint","urlTemplate":"https:\/\/wedigitek.com\/es\/?s={search_term_string}"},"query-input":{"@type":"PropertyValueSpecification","valueRequired":true,"valueName":"search_term_string"}}],"inLanguage":"es"},{"@type":"Organization","@id":"https:\/\/wedigitek.com\/es\/#organization","name":"We:Digitek","url":"https:\/\/wedigitek.com\/es\/","logo":{"@type":"ImageObject","inLanguage":"es","@id":"https:\/\/wedigitek.com\/es\/#\/schema\/logo\/image\/","url":"https:\/\/wedigitek.com\/wp-content\/uploads\/2024\/05\/logo-wedigitek-1297x245-2.png","contentUrl":"https:\/\/wedigitek.com\/wp-content\/uploads\/2024\/05\/logo-wedigitek-1297x245-2.png","width":1297,"height":245,"caption":"We:Digitek"},"image":{"@id":"https:\/\/wedigitek.com\/es\/#\/schema\/logo\/image\/"},"sameAs":["https:\/\/www.facebook.com\/wedigitek","https:\/\/www.instagram.com\/wedigitek","https:\/\/linkedin.com\/company\/wedigitek\/"]}]}},"_links":{"self":[{"href":"https:\/\/wedigitek.com\/es\/wp-json\/wp\/v2\/pages\/5149","targetHints":{"allow":["GET"]}}],"collection":[{"href":"https:\/\/wedigitek.com\/es\/wp-json\/wp\/v2\/pages"}],"about":[{"href":"https:\/\/wedigitek.com\/es\/wp-json\/wp\/v2\/types\/page"}],"author":[{"embeddable":true,"href":"https:\/\/wedigitek.com\/es\/wp-json\/wp\/v2\/users\/1"}],"replies":[{"embeddable":true,"href":"https:\/\/wedigitek.com\/es\/wp-json\/wp\/v2\/comments?post=5149"}],"version-history":[{"count":3,"href":"https:\/\/wedigitek.com\/es\/wp-json\/wp\/v2\/pages\/5149\/revisions"}],"predecessor-version":[{"id":5152,"href":"https:\/\/wedigitek.com\/es\/wp-json\/wp\/v2\/pages\/5149\/revisions\/5152"}],"up":[{"embeddable":true,"href":"https:\/\/wedigitek.com\/es\/wp-json\/wp\/v2\/pages\/5103"}],"wp:attachment":[{"href":"https:\/\/wedigitek.com\/es\/wp-json\/wp\/v2\/media?parent=5149"}],"curies":[{"name":"wp","href":"https:\/\/api.w.org\/{rel}","templated":true}]}}

<h1 class="wp-block-heading">Punto de Venta <strong>(PDV)</strong></h1>



<h2 class="wp-block-heading">para el Sector Corporativo</h2>



<p>Nuestro PDV es la plataforma completa para una gestión financiera efectiva de la operación, ofreciendo diferentes formas de transacción con una interfaz simple y visual, proporcionando agilidad por parte del equipo.</p>



<p>Sin la necesidad de comprar equipos específicos para la configuración y con la practicidad para que las compras se realicen sin importar el equipo, nuestro PDV es la solución ideal para cualquier unidad que busque incorporar un módulo transaccional.</p>

<p>Punto de Venta (PDV) para el Sector Corporativo Nuestro PDV es la plataforma completa para una gestión financiera efectiva de la operación, ofreciendo diferentes formas de transacción con una interfaz simple y visual, proporcionando agilidad por parte del equipo. Sin la necesidad de comprar equipos específicos para la configuración y con la practicidad para que&#8230;  <a class="excerpt-read-more" href="https://wedigitek.com/es/segmento-corporativo/punto-de-venta/" title="Read Punto de Venta: Corporativo">continuar lendo &raquo;</a></p>

<!-- This site is optimized with the Yoast SEO plugin v26.6 - https://yoast.com/wordpress/plugins/seo/ -->
<title>Punto de Venta: Corporativo - We:Digitek</title>
<meta name="robots" content="index, follow, max-snippet:-1, max-image-preview:large, max-video-preview:-1" />
<link rel="canonical" href="https://wedigitek.com/es/segmento-corporativo/punto-de-venta/" />
<meta property="og:locale" content="es_ES" />
<meta property="og:type" content="article" />
<meta property="og:title" content="Punto de Venta: Corporativo - We:Digitek" />
<meta property="og:description" content="Punto de Venta (PDV) para el Sector Corporativo Nuestro PDV es la plataforma completa para una gestión financiera efectiva de la operación, ofreciendo diferentes formas de transacción con una interfaz simple y visual, proporcionando agilidad por parte del equipo. Sin la necesidad de comprar equipos específicos para la configuración y con la practicidad para que... continuar lendo &raquo;" />
<meta property="og:url" content="https://wedigitek.com/es/segmento-corporativo/punto-de-venta/" />
<meta property="og:site_name" content="We:Digitek" />
<meta property="article:publisher" content="https://www.facebook.com/wedigitek" />
<meta property="article:modified_time" content="2024-07-13T20:43:21+00:00" />
<meta name="twitter:card" content="summary_large_image" />
<script type="application/ld+json" class="yoast-schema-graph">{"@context":"https://schema.org","@graph":[{"@type":"WebPage","@id":"https://wedigitek.com/es/segmento-corporativo/punto-de-venta/","url":"https://wedigitek.com/es/segmento-corporativo/punto-de-venta/","name":"Punto de Venta: Corporativo - We:Digitek","isPartOf":{"@id":"https://wedigitek.com/es/#website"},"datePublished":"2024-05-19T00:34:46+00:00","dateModified":"2024-07-13T20:43:21+00:00","breadcrumb":{"@id":"https://wedigitek.com/es/segmento-corporativo/punto-de-venta/#breadcrumb"},"inLanguage":"es","potentialAction":[{"@type":"ReadAction","target":["https://wedigitek.com/es/segmento-corporativo/punto-de-venta/"]}]},{"@type":"BreadcrumbList","@id":"https://wedigitek.com/es/segmento-corporativo/punto-de-venta/#breadcrumb","itemListElement":[{"@type":"ListItem","position":1,"name":"Início","item":"https://wedigitek.com/es/"},{"@type":"ListItem","position":2,"name":"Segmento Corporativo","item":"https://wedigitek.com/es/segmento-corporativo/"},{"@type":"ListItem","position":3,"name":"Punto de Venta: Corporativo"}]},{"@type":"WebSite","@id":"https://wedigitek.com/es/#website","url":"https://wedigitek.com/es/","name":"We:Digitek","description":"Home","publisher":{"@id":"https://wedigitek.com/es/#organization"},"potentialAction":[{"@type":"SearchAction","target":{"@type":"EntryPoint","urlTemplate":"https://wedigitek.com/es/?s={search_term_string}"},"query-input":{"@type":"PropertyValueSpecification","valueRequired":true,"valueName":"search_term_string"}}],"inLanguage":"es"},{"@type":"Organization","@id":"https://wedigitek.com/es/#organization","name":"We:Digitek","url":"https://wedigitek.com/es/","logo":{"@type":"ImageObject","inLanguage":"es","@id":"https://wedigitek.com/es/#/schema/logo/image/","url":"https://wedigitek.com/wp-content/uploads/2024/05/logo-wedigitek-1297x245-2.png","contentUrl":"https://wedigitek.com/wp-content/uploads/2024/05/logo-wedigitek-1297x245-2.png","width":1297,"height":245,"caption":"We:Digitek"},"image":{"@id":"https://wedigitek.com/es/#/schema/logo/image/"},"sameAs":["https://www.facebook.com/wedigitek","https://www.instagram.com/wedigitek","https://linkedin.com/company/wedigitek/"]}]}</script>
<!-- / Yoast SEO plugin. -->

Punto de Venta (PDV) para el Sector Corporativo Nuestro PDV es la plataforma completa para una gestión financiera efectiva de la operación, ofreciendo diferentes formas de transacción con una interfaz simple y visual, proporcionando agilidad por parte del equipo. Sin la necesidad de comprar equipos específicos para la configuración y con la practicidad para que... continuar lendo &raquo;

Início
